 Suppose u + b = 34. Is u a composite number?
False
Suppose 2*b + 3*b = 3*g - 34, 5*g + 3*b = 0. Let y(o) = 2*o**3 - 3*o**2 + o - 1. Let t be y(g). Suppose -5*s = -t - 46. Is s a composite number?
True
Let g = -266 + 533. Is g composite?
True
Suppose 0*h - 203 = -h. Suppose -5*g = 3*k + h - 823, -5*k + 1024 = -g. Is k composite?
True
Suppose 926 = 6*j - 3820. Is j a composite number?
True
Let h(r) = -r**2 + 19*r - 2. Is h(8) a composite number?
True
Suppose 2*q + q + 87 = 0. Let i = -14 - q. Is i composite?
True
Suppose -6*q + 61 + 53 = 0. Is q a prime number?
True
Let y(i) = -17*i - 1. Let a(b) = -51*b - 3. Let g(m) = 2*a(m) - 7*y(m). Let l be g(2). Let p = -22 + l. Is p composite?
False
Let r = 4 - 4. Suppose r*t = -t + 33. Is t a composite number?
True
Let u(l) = -30*l + 1. Let d(x) = -3*x - 3. Let o be d(-2). Suppose 4*j - o = 7*j. Is u(j) a prime number?
True
Suppose 3*o = -5*t + 25, o - 15 = -5*t - 0*o. Is 99 + t/((-2)/2) a prime number?
True
Let h(j) be the third derivative of j**7/840 - j**6/180 - j**5/20 + j**2. Let l(z) be the third derivative of h(z). Is l(7) composite?
True
Suppose -4*f + 4 = -4. Let n = -12 + 13. Suppose -4*m - f*j = -182, 0 = 2*j + 3 - n. Is m prime?
False
Let f be 3 + (2 - (12 + -1)). Is (-1572)/8*4/f composite?
False
Let y = -3 + 5. Is 3/y*(1 - -57) prime?
False
Let g = 10 - 8. Suppose 0 = -r + g, -2*n + 0*r + r + 68 = 0. Is n composite?
True
Let s = -67 - -200. Is s composite?
True
Is ((-4 - -1) + 2)/1 - -1632 a prime number?
False
Let y(p) = -25*p**2 + 24*p**2 - 5 + 4 + 19*p + 0. Is y(10) composite?
False
Suppose -129 = -5*v + 506. Is v a prime number?
True
Let w(v) = v**3 + 7*v**2 + 5*v - 5. Suppose 4*u = -3*x - 18, -14 = u - 8*x + 4*x. Let m be w(u). Is (-3 - -2)*m*-3 composite?
False
Let b = 3 - 3. Suppose b = 2*o - o - 31. Is o a composite number?
False
Suppose -3*f + 19 = -236. Suppose 2*w + f = 3*w. Is w a composite number?
True
Suppose j - 50 = -0*j. Suppose 2 - 10 = -4*m. Suppose -m*v + j = -0. Is v composite?
True
Let o(k) = -3*k - 4. Let p be o(-4). Let v be (-10)/4*p/(-5). Suppose v*c = -c + 185. Is c a composite number?
False
Let k(n) = 10*n**2 + 4*n - 7. Let p be k(-7). Suppose p = 5*z + 60. Is z composite?
False
Let b(g) = g**2 - 2. Let f be b(2). Suppose -20 + f = 3*k. Let o = 4 - k. Is o prime?
False
Suppose 3*q = 120 + 1575. Is q a prime number?
False
Let a(f) = 45*f**3 - f**2. Let d be a(1). Suppose -58 = -c - m + 20, 5*c = -3*m + 390. Let x = c - d. Is x composite?
True
Suppose -2*r - 4*x + 1902 = 0, -10*x + 9*x = -3*r + 2860. Is r a composite number?
False
Let g(z) be the third derivative of -z**4/12 + 11*z**3/6 - 2*z**2. Is g(-13) a composite number?
False
Suppose 5*w = 156 - 721. Let r be (-5)/3*(w + 2). Suppose r = 3*o - 592. Is o composite?
True
Let t(z) = z**3 - 7*z**2 + z - 5. Let w be t(7). Suppose -5*v - m = -35 - 30, 0 = w*v + 3*m - 26. Is v a prime number?
True
Suppose -u + 8 = u. Suppose -5*a + 34 = -u*a. Is a composite?
True
Suppose 0 = 9*x - 4*x - 115. Is x composite?
False
Let r(u) = -781*u - 3. Is r(-2) composite?
False
Let i be 80/12 - (-4)/(-6). Suppose -3*b + 2*t = -i + 2, 5*b + 5*t - 40 = 0. Is 1134/10 - b/10 a composite number?
False
Let s = -17 + 42. Is s composite?
True
Is -2*(170/(-4) + (-1 - -4)) prime?
True
Let b(u) = 3*u**3 - 5*u**2 + 6*u - 1. Let p be b(6). Let o = 820 - p. Is o prime?
True
Suppose -2*j + 3 = -3. Let z(d) = 10*d**2 - 1. Is z(j) prime?
True
Let f = -792 + 3713. Is f prime?
False
Is 2119/7 + (-2)/(-7) prime?
False
Is 944/6 - 3/9 prime?
True
Suppose -4*u - 57 = 39. Let m = u + 123. Suppose 2*d + d - m = 0. Is d a prime number?
False
Suppose 11*v = 7*v + 1276. Is v composite?
True
Let o(z) = z**3 + 4*z**2 - 8*z + 4. Let j be o(-6). Let r = 42 + j. Is r composite?
True
Suppose -3*d + 53 = v, 0 = 3*d + 2*v - 16 - 39. Let f be 3/(-2 - d/(-9)). Let n = f - -42. Is n composite?
True
Let m = -36 + 91. Is m a prime number?
False
Suppose -f = -5*f + 260. Suppose y - f = -4*y. Is y prime?
True
Suppose -246 = -2*a + 200. Is a a composite number?
False
Let k be (-11)/(-2) + (-7)/14. Suppose -6 + k = -z. Is (2 + (-11)/(-1))/z a prime number?
True
Let c = -1 + 6. Suppose -p + 405 = c*l, 5*p = -4*l + 2*p + 313. Is l a prime number?
False
Let k be (8/(-6))/((-8)/18). Suppose 0 = -4*f - 0*l - k*l + 1198, 0 = -5*f + 4*l + 1513. Is f a composite number?
True
Suppose -k + 2 = -o - 2, 3*o = k - 14. Suppose z - 2*a + 0 = -4, 12 = 2*z + a. Is (-18)/((z + -2)/k) prime?
False
Suppose 4*z = -20, -2*j + 757 = -0*j - 5*z. Suppose b = -b + j. Is b a composite number?
True
Suppose -10*z + 15*z - 815 = 0. Is z a prime number?
True
Let a(o) = 4*o - 34. Let q be a(9). Let k(d) = d**2 + d. Let s be k(3). Is q/(-8) + 711/s composite?
False
Suppose -p + 0*b - 2*b - 78 = 0, -b - 312 = 4*p. Let v = 227 + p. Is v prime?
True
Let t be ((-2)/2)/(1/(-1)). Suppose 4*b + t - 13 = 0. Suppose -b*f - 13 = -5*p + 23, 2*p - 5*f - 3 = 0. Is p a prime number?
False
Let t be (-2 - -1) + (3 - -1). Suppose 3*x = -12, -2*x - 6 = t*w - 2*w. Suppose -b = w*b - 45. Is b prime?
False
Suppose 3*p = 2*y - 4*y, 5*y + 5*p + 5 = 0. Let k be 285/12 + 2/8. Let m = k + y. Is m a prime number?
False
Suppose 2*t - 4 = 0, -h + 551 = -6*t + 3*t. Is h composite?
False
Suppose 3*y - 7555 = -3*r - y, -2*r = 5*y - 5032. Is r a prime number?
True
Let l(t) = 7*t**2 + 0*t**3 + 2*t**3 - 6*t**2 - t**3 + 503. Is l(0) composite?
False
Suppose -c + 6 = -3*t + 2, 2*t + 4*c = -26. Is (t/(-6))/(2/3212) a prime number?
False
Suppose 6*c - 1750 = 2*c + 2*y, 4*c + 4*y = 1780. Suppose 2*j - c = -3*j. Let x = -33 + j. Is x prime?
False
Let x(o) = 6*o**2 - 5*o + 8. Let y(j) = -5*j**2 + 4*j - 7. Let v(l) = -4*x(l) - 5*y(l). Let b = -9 - -5. Is v(b) composite?
False
Let v = 24 - 13. Is v composite?
False
Let s = 31 - 16. Is (s - 0)/(5/5) a composite number?
True
Let o = 797 - 265. Suppose 6*g - 2*g - m = o, 266 = 2*g - 3*m. Is g a prime number?
False
Suppose -4*y + 8*y - 172 = 0. Is y a prime number?
True
Let f(g) = -g**2 - 7*g - 5. Let y be f(-5). Suppose -y = -2*r + 3. Suppose u = -r*u + 595. Is u composite?
True
Suppose -12 + 0 = -4*o. Let r(y) = -y**3 + 6*y**2 + 3*y - 2. Is r(o) prime?
False
Let m = 167 + -362. Let v = m + 103. Is 3/(3*-1) - v a prime number?
False
Let p be -3*((-28)/(-12))/7. Is ((-3 - -1) + -35)*p a prime number?
True
Let q = -2 + 4. Suppose -q*s + 2 = -2. Is (-4)/6*(-21)/s a prime number?
True
Let q = 2400 - 1249. Is q prime?
True
Suppose -5*m + 21 = 3*w, -w + 3*w - 4*m = -8. Let z(g) = 6*g**w + 7*g + 6 + 1 - 3*g**2. Is z(7) a prime number?
False
Let j be (-5)/(-7) + (-4)/(-14). Suppose j - 7 = -3*y. Suppose 2*t - 356 = -y*t. Is t a composite number?
False
Is 4242/4 + 4/8 a composite number?
False
Suppose 10 = -2*j - 14. Let r(q) = -14*q - 9. Is r(j) a composite number?
True
Let a(t) be the third derivative of 0*t**4 + 0 - 2*t**2 + 1/6*t**3 - 1/60*t**5 - 29/60*t**6 + 0*t. Is a(-1) a prime number?
False
Let g = 145 - 48. Is g a composite number?
False
Let n = 18 + -9. Is n a composite number?
True
Suppose 5*y = y + 628. Is y a composite number?
False
Let m(c) = -c**3 - 7*c**2 + c + 9. Let h be m(-7). Let z = 8 + h. Let y = z + 111. Is y prime?
False
Let r be -3*(-4)/6 + 333. Suppose 0 = -f - 4*f + r. Is f a prime number?
True
Is 2315 + 0 - (-3 - -3) prime?
False
Let v be (1773/(-12))/(2/8). Let a = 1076 + v. Suppose -a = -5*o + 150. Is o a prime number?
True
Suppose -3*i + 155 + 25 = 3*q, 0 = 3*i + q - 178. Is i a prime number?
True
Let p = -456 + 851. Suppose -4*o = 5*k - 455, 4*k - p = -0*k + 3*o. Suppose k = 5*f - 0. Is f prime?
True
Let g be 0 - 3/(-6)*2. Suppose 0*j - 143 = -j - 4*i, 4*j - 4*i = 532. Is j/12 + g/(-4) composite?
False
Suppose 0*c + c = -4*j + 7, -3*c = -5*j + 13. Suppose -4 = -j*s - 2. Is -1 + 77 + s + 2 composite?
False
Suppose -4*v + 4*m - 791 = -7*v, 781 = 3*v + 2*m. Is v a composite number?
False
Suppose 0*u - 1009 = -u. Is u composite?
False
Suppose 5*r - 1514 = 3*h + h, 0 = -4*r - 5*h + 1203. Suppose -x - 900 = -3*g, g + 0*x = x + r. Is g composite?
True
Suppose 0 = p - 4*x + x - 5, -5*p + 9 = x. Suppose 0*n - 16 = -p*t + 4*n, 5*t + n = -4. Suppose 21 = -t*h + 3*h. Is h composite?
False
Let v be 4/14 + (-78)/(-21). Suppose 10 = -v*u + 2*x, 3 = -u - 0*x + x. Is (6 + -4)/(u/(-4)) a composi